{"id":526,"date":"2015-07-08T10:09:25","date_gmt":"2015-07-08T08:09:25","guid":{"rendered":"http:\/\/bedminton.koral.sk\/?page_id=526"},"modified":"2015-07-08T10:09:25","modified_gmt":"2015-07-08T08:09:25","slug":"forhendovy-drajv","status":"publish","type":"page","link":"https:\/\/bedminton.eu\/?page_id=526","title":{"rendered":"Forhendov\u00fd drajv"},"content":{"rendered":"<h3>\u010co je to drajv.<\/h3>\n<p>Drajvy s\u00fa ploch\u00e9 \u00fadery, ktor\u00e9 maj\u00fa letie\u0165 zo strednej \u010dasti kurtu do s\u00faperovej strednej, alebo zadnej \u010dasti kurtu.<\/p>\n<h3>\u00a0<a href=\"http:\/\/bedminton.eu\/wp-content\/uploads\/2015\/07\/forehand_drive_place.jpg\"><img loading=\"lazy\" decoding=\"async\" class=\"alignnone size-medium wp-image-534\" src=\"http:\/\/bedminton.eu\/wp-content\/uploads\/2015\/07\/forehand_drive_place-300x105.jpg\" alt=\"forehand_drive_place\" width=\"300\" height=\"105\" srcset=\"https:\/\/bedminton.eu\/wp-content\/uploads\/2015\/07\/forehand_drive_place-300x105.jpg 300w, https:\/\/bedminton.eu\/wp-content\/uploads\/2015\/07\/forehand_drive_place.jpg 422w\" sizes=\"auto, (max-width: 300px) 100vw, 300px\" \/><\/a><br \/>\nKedy ho pou\u017e\u00edvame.<\/h3>\n<p>Forhendov\u00e9 drajvy by sa mali pou\u017e\u00edva\u0165 v neutr\u00e1lnych situ\u00e1ci\u00e1ch, ke\u010f ko\u0161\u00edk nie je ani dostato\u010dne vysoko, aby bolo mo\u017en\u00e9 \u00fato\u010di\u0165 amerom nadol, ani dostato\u010dne n\u00edzko, aby bolo mo\u017en\u00e9 odohra\u0165 obrann\u00e9 \u00fadery smerom nahor.<\/p>\n<h3>Na\u010do ho pou\u017e\u00edvame.<\/h3>\n<p>Forhendov\u00e9 drajvy pou\u017e\u00edvame na:<\/p>\n<ul>\n<li>obmedzenie pr\u00edle\u017eitosti s\u00fapera na \u00fatok<\/li>\n<li>vytvorenie pr\u00edle\u017eitosti na \u00fatok pre hr\u00e1\u010da zahr\u00e1vaj\u00faceho drajv tak, \u017ee traf\u00edme ko\u0161\u00edk do pr\u00e1zdneho priestoru v s\u00faperovej \u010dasti kurtu, alebo traf\u00edme telo s\u00fapera.<\/li>\n<\/ul>\n<h3>\u00a0Ako ho vykona\u0165.<\/h3>\n<p>https:\/\/www.youtube.com\/watch?v=A3OjVfbbNvI<\/p>\n<p><a href=\"http:\/\/bedminton.eu\/wp-content\/uploads\/2015\/07\/Forehand_drive_traj.gif\"><img loading=\"lazy\" decoding=\"async\" class=\"alignnone size-medium wp-image-535\" src=\"http:\/\/bedminton.eu\/wp-content\/uploads\/2015\/07\/Forehand_drive_traj-300x146.gif\" alt=\"Forehand_drive_traj\" width=\"300\" height=\"146\" \/><\/a><\/p>\n<table>\n<tbody>\n<tr>\n<td style=\"width: 25%; text-align: center; vertical-align: top;\">\n<h4><span style=\"color: #000000;\">\u00a0Pr\u00edpravn\u00e1 f\u00e1za<\/span><\/h4>\n<\/td>\n<td style=\"width: 25%; text-align: center; vertical-align: top;\">\n<h4><span style=\"color: #000000;\">\u00a0N\u00e1prah<\/span><\/h4>\n<\/td>\n<td style=\"width: 25%; text-align: center; vertical-align: top;\">\n<h4><span style=\"color: #000000;\">\u00a0\u00dader<\/span><\/h4>\n<\/td>\n<td style=\"width: 25%; text-align: center; vertical-align: top;\">\n<h4><span style=\"color: #000000;\">\u00a0Dokon\u010denie<\/span><\/h4>\n<\/td>\n<\/tr>\n<tr>\n<td style=\"width: 25%; text-align: center; vertical-align: top;\"><span style=\"color: #000000;\"><a href=\"http:\/\/bedminton.eu\/wp-content\/uploads\/2015\/07\/forehand_drive_1.jpg\"><img loading=\"lazy\" decoding=\"async\" class=\"alignnone wp-image-530\" src=\"http:\/\/bedminton.eu\/wp-content\/uploads\/2015\/07\/forehand_drive_1-300x300.jpg\" alt=\"forehand_drive_1\" width=\"250\" height=\"250\" srcset=\"https:\/\/bedminton.eu\/wp-content\/uploads\/2015\/07\/forehand_drive_1-300x300.jpg 300w, https:\/\/bedminton.eu\/wp-content\/uploads\/2015\/07\/forehand_drive_1-150x150.jpg 150w, https:\/\/bedminton.eu\/wp-content\/uploads\/2015\/07\/forehand_drive_1.jpg 308w\" sizes=\"auto, (max-width: 250px) 100vw, 250px\" \/><\/a>\u00a0<\/span><\/td>\n<td style=\"width: 25%; text-align: center; vertical-align: top;\"><span style=\"color: #000000;\">\u00a0<a href=\"http:\/\/bedminton.eu\/wp-content\/uploads\/2015\/07\/forehand_drive_2.jpg\"><img loading=\"lazy\" decoding=\"async\" class=\"alignnone wp-image-531\" src=\"http:\/\/bedminton.eu\/wp-content\/uploads\/2015\/07\/forehand_drive_2-300x300.jpg\" alt=\"forehand_drive_2\" width=\"250\" height=\"250\" srcset=\"https:\/\/bedminton.eu\/wp-content\/uploads\/2015\/07\/forehand_drive_2-300x300.jpg 300w, https:\/\/bedminton.eu\/wp-content\/uploads\/2015\/07\/forehand_drive_2-150x150.jpg 150w, https:\/\/bedminton.eu\/wp-content\/uploads\/2015\/07\/forehand_drive_2.jpg 308w\" sizes=\"auto, (max-width: 250px) 100vw, 250px\" \/><\/a><\/span><\/td>\n<td style=\"width: 25%; text-align: center; vertical-align: top;\"><span style=\"color: #000000;\"><a href=\"http:\/\/bedminton.eu\/wp-content\/uploads\/2015\/07\/forehand_drive_3.jpg\"><img loading=\"lazy\" decoding=\"async\" class=\"alignnone wp-image-532\" src=\"http:\/\/bedminton.eu\/wp-content\/uploads\/2015\/07\/forehand_drive_3-300x300.jpg\" alt=\"forehand_drive_3\" width=\"250\" height=\"250\" srcset=\"https:\/\/bedminton.eu\/wp-content\/uploads\/2015\/07\/forehand_drive_3-300x300.jpg 300w, https:\/\/bedminton.eu\/wp-content\/uploads\/2015\/07\/forehand_drive_3-150x150.jpg 150w, https:\/\/bedminton.eu\/wp-content\/uploads\/2015\/07\/forehand_drive_3.jpg 308w\" sizes=\"auto, (max-width: 250px) 100vw, 250px\" \/><\/a>\u00a0<\/span><\/td>\n<td style=\"width: 25%; text-align: center; vertical-align: top;\"><span style=\"color: #000000;\"><a href=\"http:\/\/bedminton.eu\/wp-content\/uploads\/2015\/07\/forehand_drive_4.jpg\"><img loading=\"lazy\" decoding=\"async\" class=\"alignnone wp-image-533\" src=\"http:\/\/bedminton.eu\/wp-content\/uploads\/2015\/07\/forehand_drive_4-300x296.jpg\" alt=\"forehand_drive_4\" width=\"250\" height=\"247\" srcset=\"https:\/\/bedminton.eu\/wp-content\/uploads\/2015\/07\/forehand_drive_4-300x296.jpg 300w, https:\/\/bedminton.eu\/wp-content\/uploads\/2015\/07\/forehand_drive_4.jpg 312w\" sizes=\"auto, (max-width: 250px) 100vw, 250px\" \/><\/a>\u00a0<\/span><\/td>\n<\/tr>\n<tr>\n<td style=\"width: 25%; text-align: left; vertical-align: top;\">\n<ul>\n<li><span style=\"color: #000000;\">\u00a0Zaujmite postoj s pripravenou raketou<\/span><\/li>\n<li><span style=\"color: #000000;\">Uchopte raketu forhendov\u00fdm dr\u017ean\u00edm<\/span><\/li>\n<\/ul>\n<\/td>\n<td style=\"width: 25%; text-align: left; vertical-align: top;\">\n<ul>\n<li><span style=\"color: #000000;\">Vykro\u010dte smerom ku ko\u0161\u00edku<\/span><\/li>\n<li><span style=\"color: #000000;\">Uvo\u013enene sa natiahnite s mierne pokr\u010den\u00fdmi lak\u0165ami<\/span><\/li>\n<li><span style=\"color: #000000;\">Urobte\u00a0supin\u00e1ciu predlaktia a medzi pa\u017eou a raketou vytvorte ur\u010dit\u00fd uhol<\/span><\/li>\n<\/ul>\n<\/td>\n<td style=\"width: 25%; text-align: left; vertical-align: top;\">\n<ul>\n<li><span style=\"color: #000000;\">\u00a0Vystrite lake\u0165<\/span><\/li>\n<li><span style=\"color: #000000;\">Predlaktie a horn\u00fa \u010das\u0165 pa\u017ee vyto\u010dte smerom k telu<\/span><\/li>\n<li><span style=\"color: #000000;\">Ko\u0161\u00edk zasiahnite pred telom<\/span><\/li>\n<li><span style=\"color: #000000;\">Udrite do ko\u0161\u00edka<\/span><\/li>\n<\/ul>\n<\/td>\n<td style=\"width: 25%; text-align: left; vertical-align: top;\">\n<ul>\n<li><span style=\"color: #000000;\"><span style=\"color: #000000;\">Rot\u00e1cia ramena pokra\u010duje<\/span>\u00a0po \u00fadere<\/span><\/li>\n<li><span style=\"color: #000000;\">R\u00fdchle sa vr\u00e1\u0165te do postoja s raketou pripravenou na \u010fal\u0161\u00ed \u00fader<\/span><\/li>\n<\/ul>\n<\/td>\n<\/tr>\n<\/tbody>\n<\/table>\n<h3>Coach Lee ukazuje 3 r\u00f4zne druhy \u00a0forhendov\u00e9ho drajvu<\/h3>\n<p><iframe loading=\"lazy\" title=\"Badminton Forehand Drive: 3 Different Types\" width=\"665\" height=\"374\" src=\"https:\/\/www.youtube.com\/embed\/rQ77DrzXNP0?feature=oembed\" frameborder=\"0\" allow=\"accelerometer; autoplay; clipboard-write; encrypted-media; gyroscope; picture-in-picture; web-share\" referrerpolicy=\"strict-origin-when-cross-origin\" allowfullscreen><\/iframe><\/p>\n<h3>Chris Awong\u00a0 video<\/h3>\n<p><iframe loading=\"lazy\" title=\"How to Do a Forehand Drive | Badminton Lessons\" width=\"665\" height=\"374\" src=\"https:\/\/www.youtube.com\/embed\/sO4z3UI3UpI?feature=oembed\" frameborder=\"0\" allow=\"accelerometer; autoplay; clipboard-write; encrypted-media; gyroscope; picture-in-picture; web-share\" referrerpolicy=\"strict-origin-when-cross-origin\" allowfullscreen><\/iframe><\/p>\n<h3>All England team instruction<\/h3>\n<p><iframe loading=\"lazy\" title=\"Badminton Technique - Forehand Drive\" width=\"665\" height=\"499\" src=\"https:\/\/www.youtube.com\/embed\/e826uzJ7gYg?feature=oembed\" frameborder=\"0\" allow=\"accelerometer; autoplay; clipboard-write; encrypted-media; gyroscope; picture-in-picture; web-share\" referrerpolicy=\"strict-origin-when-cross-origin\" allowfullscreen><\/iframe><\/p>\n<h3>\u00a0Peter Rasmussen detailn\u00e1 in\u0161trukt\u00e1\u017e<\/h3>\n<p>https:\/\/www.youtube.com\/watch?v=B3fLdSZ2JzI<\/p>\n","protected":false},"excerpt":{"rendered":"<p>\u010co je to drajv. Drajvy s\u00fa ploch\u00e9 \u00fadery, ktor\u00e9 maj\u00fa letie\u0165 zo strednej \u010dasti kurtu do s\u00faperovej strednej, alebo zadnej \u010dasti kurtu. \u00a0 Kedy ho pou\u017e\u00edvame. Forhendov\u00e9 drajvy by sa mali pou\u017e\u00edva\u0165 v neutr\u00e1lnych situ\u00e1ci\u00e1ch, ke\u010f ko\u0161\u00edk nie je ani dostato\u010dne vysoko, aby bolo mo\u017en\u00e9 \u00fato\u010di\u0165 amerom nadol, ani dostato\u010dne n\u00edzko, aby bolo mo\u017en\u00e9 odohra\u0165\u2026 <span class=\"read-more\"><a href=\"https:\/\/bedminton.eu\/?page_id=526\">\u010c\u00edta\u0165 viac &raquo;<\/a><\/span><\/p>\n","protected":false},"author":1,"featured_media":0,"parent":108,"menu_order":5,"comment_status":"closed","ping_status":"open","template":"page-templates\/full-width.php","meta":{"ngg_post_thumbnail":0,"footnotes":""},"class_list":["post-526","page","type-page","status-publish","hentry"],"_links":{"self":[{"href":"https:\/\/bedminton.eu\/index.php?rest_route=\/wp\/v2\/pages\/526","targetHints":{"allow":["GET"]}}],"collection":[{"href":"https:\/\/bedminton.eu\/index.php?rest_route=\/wp\/v2\/pages"}],"about":[{"href":"https:\/\/bedminton.eu\/index.php?rest_route=\/wp\/v2\/types\/page"}],"author":[{"embeddable":true,"href":"https:\/\/bedminton.eu\/index.php?rest_route=\/wp\/v2\/users\/1"}],"replies":[{"embeddable":true,"href":"https:\/\/bedminton.eu\/index.php?rest_route=%2Fwp%2Fv2%2Fcomments&post=526"}],"version-history":[{"count":0,"href":"https:\/\/bedminton.eu\/index.php?rest_route=\/wp\/v2\/pages\/526\/revisions"}],"up":[{"embeddable":true,"href":"https:\/\/bedminton.eu\/index.php?rest_route=\/wp\/v2\/pages\/108"}],"wp:attachment":[{"href":"https:\/\/bedminton.eu\/index.php?rest_route=%2Fwp%2Fv2%2Fmedia&parent=526"}],"curies":[{"name":"wp","href":"https:\/\/api.w.org\/{rel}","templated":true}]}}