{"id":2219,"date":"2019-11-30T08:28:04","date_gmt":"2019-11-30T06:28:04","guid":{"rendered":"http:\/\/bedminton.eu\/?page_id=2219"},"modified":"2024-07-03T08:25:15","modified_gmt":"2024-07-03T06:25:15","slug":"poradna","status":"publish","type":"page","link":"https:\/\/bedminton.eu\/?page_id=2219","title":{"rendered":"Porad\u0148a"},"content":{"rendered":"\n<p>V tejto sekcii  sa sna\u017e\u00edme zhrn\u00fa\u0165 niektor\u00e9 technick\u00e9 a taktick\u00e9 bedmintonov\u00e9 poznatky hlavne z internetov\u00fdch zdrojov. D\u00fafajme, \u017ee to bude zauj\u00edmav\u00e9 pre slovensk\u00fdch bedmintonistov, ktor\u00fdm sa nechce prel\u00faskava\u0165 sa v anglick\u00fdch textoch.<\/p>\n\n\n\n<p><a href=\"https:\/\/bedminton.eu\/?page_id=108\">Tr\u00e9ning<\/a><\/p>\n\n\n\n<p><a href=\"https:\/\/bedminton.eu\/?page_id=2259\">Ako si vybera\u0165 bedmintonov\u00fa raketu<\/a><\/p>\n\n\n\n<p><a href=\"https:\/\/bedminton.eu\/?page_id=3180\">Taktika v dvojhre<\/a><\/p>\n\n\n\n<p><a href=\"https:\/\/bedminton.eu\/?page_id=2844\">Taktika vo \u0161tvorhre<\/a><\/p>\n\n\n\n<p><a href=\"https:\/\/bedminton.eu\/?page_id=3122\">Taktika pri servise<\/a><\/p>\n\n\n\n<p><a href=\"https:\/\/bedminton.eu\/?page_id=2973\">N\u00e1zvoslovie<\/a><\/p>\n\n\n\n<p><\/p>\n","protected":false},"excerpt":{"rendered":"<p>V tejto sekcii sa sna\u017e\u00edme zhrn\u00fa\u0165 niektor\u00e9 technick\u00e9 a taktick\u00e9 bedmintonov\u00e9 poznatky hlavne z internetov\u00fdch zdrojov. D\u00fafajme, \u017ee to bude zauj\u00edmav\u00e9 pre slovensk\u00fdch bedmintonistov, ktor\u00fdm sa nechce prel\u00faskava\u0165 sa v anglick\u00fdch textoch. Tr\u00e9ning Ako si vybera\u0165 bedmintonov\u00fa raketu Taktika v dvojhre Taktika vo \u0161tvorhre Taktika pri servise N\u00e1zvoslovie<\/p>\n","protected":false},"author":1,"featured_media":0,"parent":0,"menu_order":3,"comment_status":"closed","ping_status":"closed","template":"","meta":{"ngg_post_thumbnail":0,"footnotes":""},"class_list":["post-2219","page","type-page","status-publish","hentry"],"_links":{"self":[{"href":"https:\/\/bedminton.eu\/index.php?rest_route=\/wp\/v2\/pages\/2219","targetHints":{"allow":["GET"]}}],"collection":[{"href":"https:\/\/bedminton.eu\/index.php?rest_route=\/wp\/v2\/pages"}],"about":[{"href":"https:\/\/bedminton.eu\/index.php?rest_route=\/wp\/v2\/types\/page"}],"author":[{"embeddable":true,"href":"https:\/\/bedminton.eu\/index.php?rest_route=\/wp\/v2\/users\/1"}],"replies":[{"embeddable":true,"href":"https:\/\/bedminton.eu\/index.php?rest_route=%2Fwp%2Fv2%2Fcomments&post=2219"}],"version-history":[{"count":4,"href":"https:\/\/bedminton.eu\/index.php?rest_route=\/wp\/v2\/pages\/2219\/revisions"}],"predecessor-version":[{"id":3388,"href":"https:\/\/bedminton.eu\/index.php?rest_route=\/wp\/v2\/pages\/2219\/revisions\/3388"}],"wp:attachment":[{"href":"https:\/\/bedminton.eu\/index.php?rest_route=%2Fwp%2Fv2%2Fmedia&parent=2219"}],"curies":[{"name":"wp","href":"https:\/\/api.w.org\/{rel}","templated":true}]}}