{"id":2893,"date":"2024-04-15T12:56:02","date_gmt":"2024-04-15T10:56:02","guid":{"rendered":"https:\/\/bedminton.eu\/?page_id=2893"},"modified":"2024-04-16T10:30:00","modified_gmt":"2024-04-16T08:30:00","slug":"volba-uhlov-utoku-vo-stvorhre","status":"publish","type":"page","link":"http:\/\/bedminton.eu\/?page_id=2893","title":{"rendered":"Vo\u013eba uhlov \u00fatoku vo \u0161tvorhre"},"content":{"rendered":"\n<p class=\"has-small-font-size\">Vo\u013eba \u00fato\u010dn\u00fdch uhlov \u00faderu  je jednou z naj\u010dastej\u0161ie nepochopen\u00fdch oblast\u00ed taktiky \u0161tvorhry. <\/p>\n\n\n\n<p class=\"has-small-font-size\">Vo v\u0161eobecnosti plat\u00ed, sme\u010de a drop shots by mali by\u0165 priame alebo do stredu (kr\u00ed\u017ene \u00fadery maj\u00fa tendenciu by\u0165 samovra\u017eedn\u00e9). <\/p>\n\n\n\n<p class=\"has-large-font-size\">Uhly sme\u010dovania<\/p>\n\n\n\n<p class=\"has-small-font-size\">Uhly sme\u010du m\u00f4\u017eu by\u0165 rovn\u00e9, do stredu alebo kr\u00ed\u017ene. Ke\u010f hr\u00e1te sme\u010d na ktor\u00fako\u013evek stranu (priamy alebo kr\u00ed\u017eny), m\u00e1te dodato\u010dn\u00fa mo\u017enos\u0165 v\u00fdberu, \u010di mierite na vonkaj\u0161\u00ed okraj ihriska alebo mierite priamo na obrancu. <\/p>\n\n\n\n<p class=\"has-small-font-size\">Mnoho hr\u00e1\u010dov preferuje kr\u00ed\u017ene drops a sme\u010de, hlavne preto, \u017ee si myslia, \u017ee tieto \u00fadery s\u00fa &#8222;pokro\u010dil\u00e9&#8220;. To ukazuje na z\u00e1sadn\u00fd nedostatok pozi\u010dn\u00e9ho ch\u00e1pania. <\/p>\n\n\n\n<p class=\"has-medium-font-size\">Rovn\u00e9 sme\u010de <\/p>\n\n\n\n<p class=\"has-small-font-size\">Ke\u010f sme\u010dujete z rohu, tieto s\u00fa zvy\u010dajne va\u0161ou najlep\u0161ou vo\u013ebou, preto\u017ee maj\u00fa najkrat\u0161iu vzdialenos\u0165. <\/p>\n\n\n\n<p class=\"has-small-font-size\">Pam\u00e4tajte: \u010d\u00edm je vzdialenos\u0165 krat\u0161ia, t\u00fdm menej \u010dasu maj\u00fa va\u0161i protivn\u00edci na reakciu a t\u00fdm r\u00fdchlej\u0161ie sa bude ko\u0161\u00edk pohybova\u0165, ke\u010f sa k nim dostane (ko\u0161\u00edky sa so vzdialenos\u0165ou ve\u013emi spomalia kv\u00f4li odporu vzduchu). <\/p>\n\n\n\n<p class=\"has-medium-font-size\">Sme\u010de sa do stredu <\/p>\n\n\n\n<p class=\"has-small-font-size\">Sme\u010de do stredu s\u00fa dobr\u00fdm spestren\u00edm, preto\u017ee v obrancoch \u010dasto vyvol\u00e1vaj\u00fa neistotu, kto m\u00e1 zobra\u0165 ko\u0161\u00edk. <\/p>\n\n\n\n<p class=\"has-small-font-size\">Ke\u010f sme\u010dujete zo stredu (na rozdiel od sme\u010du z rohu), mierenie sme\u010da smerom do stredu je obzvl\u00e1\u0161\u0165 \u00fa\u010dinn\u00e9, skuto\u010dne je to tak\u00e1 dobr\u00e1 vo\u013eba, \u017ee by to malo by\u0165 takmer automatick\u00e9. To je preto, \u017ee: <\/p>\n\n\n\n<ul class=\"has-small-font-size wp-block-list\">\n<li>Prejde najkrat\u0161iu vzdialenos\u0165, tak\u017ee va\u0161i protivn\u00edci maj\u00fa najmenej \u010dasu na reakciu. <\/li>\n<\/ul>\n\n\n\n<ul class=\"has-small-font-size wp-block-list\">\n<li>Va\u0161i s\u00faperi si mo\u017eno nie s\u00fa ist\u00ed, kto m\u00e1 zahra\u0165. <\/li>\n<\/ul>\n\n\n\n<ul class=\"has-small-font-size wp-block-list\">\n<li>Pon\u00faka najmenej efekt\u00edvne uhly proti\u00fatoku pre va\u0161ich protivn\u00edkov. <\/li>\n<\/ul>\n\n\n\n<p class=\"has-small-font-size\">Tento posledn\u00fd bod je d\u00f4le\u017eit\u00fd: pre va\u0161ich s\u00faperov je \u0165a\u017ek\u00e9 zahra\u0165 ak\u00e9ko\u013evek proti\u00fatoky, preto\u017ee vy aj v\u00e1\u0161 partner ste u\u017e umiestnen\u00ed pozd\u013a\u017e stredovej \u010diary. V\u0161etky mo\u017en\u00e9 odpovede s\u00fapera s\u00fa vami pokryt\u00e9. <\/p>\n\n\n\n<p class=\"has-small-font-size\">Ke\u010f sme\u010dujete z rohu, stredn\u00e1 \u010diara ihriska nie je presne tam, kam by ste mali mieri\u0165. Mierte rad\u0161ej medzi hr\u00e1\u010dov (zvy\u010dajne to znamen\u00e1 mierte mierne tro\u0161ku mimo na rovn\u00fa stranu, ke\u010f\u017ee obranca kr\u00ed\u017eom cez ihrisko bude pravdepodobne bli\u017e\u0161ie k stredu ako rovn\u00fd obranca).<\/p>\n\n\n\n<p class=\"has-medium-font-size\">Kr\u00ed\u017ene sme\u010de<\/p>\n\n\n\n<p class=\"has-small-font-size\">Zvy\u010dajne by ste sa mali vyhn\u00fa\u0165 ich hraniu, preto\u017ee maj\u00fa najdlh\u0161iu letov\u00fa vzdialenos\u0165. Preto\u017ee ko\u0161\u00edk let\u00ed \u010falej cez ihrisko, trv\u00e1 dlh\u0161ie, k\u00fdm dosiahne rovnak\u00fa vzdialenos\u0165 od siete a tie\u017e sa dramaticky spoma\u013euje po\u010das letu. <\/p>\n\n\n\n<p class=\"has-small-font-size\">V\u00fdsledkom je, \u017ee v\u00e1\u0161 sme\u010d cez ihrisko bude pomal\u0161\u00ed ako priamy sme\u010d a obranca bude ma\u0165 viac \u010dasu na reakciu (je to jednoduch\u00e1 geometria). <\/p>\n\n\n\n<p class=\"has-small-font-size\">Aby to vyu\u017eil, dobre postaven\u00fd obranca bude st\u00e1\u0165 bli\u017e\u0161ie k sieti ako jeho partner pokr\u00fdvaj\u00faci rovn\u00fd uhol. T\u00fdm, \u017ee sa obranca dok\u00e1\u017ee postavi\u0165 bli\u017e\u0161ie k sieti, m\u00f4\u017ee hra\u0165 ove\u013ea efekt\u00edvnej\u0161ie proti\u00fatoky. <\/p>\n\n\n\n<p class=\"has-small-font-size\">Navy\u0161e, uhly pre proti\u00fatok s\u00fa ove\u013ea lep\u0161ie, ke\u010f hr\u00e1te sme\u010d kr\u00ed\u017eom cez ihrisko. Obrancovia zvy\u010dajne zahraj\u00fa priamu odpove\u010f aj lift v\u00e1m m\u00f4\u017ee sp\u00f4sobi\u0165 probl\u00e9my, ale priamy drive je absol\u00fatne smrte\u013en\u00fd. <\/p>\n\n\n\n<p class=\"has-small-font-size\">Samozrejme, s\u00fa pr\u00edle\u017eitosti, kedy je dobr\u00fd \u00fader kr\u00ed\u017eny sme\u010d; ale zvy\u010dajne len vtedy, ke\u010f boli s\u00faperi n\u00faten\u00ed opusti\u0165 poz\u00edciu. Ak dobre pokr\u00fdvaj\u00fa ihrisko, mali by ste sa pravdepodobne vyhn\u00fa\u0165 kr\u00ed\u017enemu sme\u010dovaniu. <\/p>\n\n\n\n<p class=\"has-medium-font-size\">Mierenie na obrancov <\/p>\n\n\n\n<p class=\"has-small-font-size\">Mierenie na obrancov je ve\u013emi efekt\u00edvna taktika. Najzranite\u013enej\u0161ie miesto je okolo bokov obrancu na strane rakety, preto\u017ee je to miesto, kde obrana backhandom za\u010d\u00edna by\u0165 menej efekt\u00edvna, ale obrana forhendu je st\u00e1le ne\u0161ikovn\u00e1. <\/p>\n\n\n\n<p class=\"has-small-font-size\">Ak mierite na tento bod, m\u00f4\u017eete sp\u00f4sobi\u0165, \u017ee v\u00e1\u0161 s\u00faper nebude ma\u0165 istotu, \u010di m\u00e1 hra\u0165 backhand alebo forehand, a tie\u017e s\u0165a\u017e\u00edte mnoh\u00e9 z jeho \u00faderov, preto\u017ee jeho \u0161vih rakety je k\u0155\u010dovit\u00fd. <\/p>\n\n\n\n<p class=\"has-medium-font-size\">Strm\u00e9 alebo ploch\u00e9? <\/p>\n\n\n\n<p class=\"has-small-font-size\">V\u00e4\u010d\u0161inu \u010dasu by ste mali sme\u010dova\u0165 \u010do najstrm\u0161ie. \u0160pi\u010dkov\u00ed hr\u00e1\u010di robia atletick\u00e9 skoky do v\u00fd\u0161ky, aby mohli hra\u0165 sme\u010d s e\u0161te strm\u0161\u00edm uhlom (jump sme\u010d). <\/p>\n\n\n\n<p class=\"has-small-font-size\">V\u00fdhodou strm\u00e9ho sme\u010da je, \u017ee je ove\u013ea \u0165a\u017e\u0161\u00ed proti\u00fatok, preto\u017ee ko\u0161\u00edk bude pri z\u00e1sahu obrancu hlb\u0161ie pod v\u00fd\u0161kou siete. <\/p>\n\n\n\n<p class=\"has-small-font-size\">Ako pr\u00edle\u017eitostn\u00e9 spestrenie si v\u0161ak m\u00f4\u017eete zahra\u0165 aj plochej\u0161\u00ed sme\u010d. Toto je \u00fa\u010dinn\u00e9, ak va\u0161i s\u00faperi pomaly zdvihn\u00fa rakety z n\u00edzkej obrannej poz\u00edcie. Ak hr\u00e1te ploch\u00fd sme\u010d, zvy\u010dajne je najlep\u0161ie mieri\u0165 priamo na s\u00fapera (\u00faderom smerom na jeho hlavu, alebo hru\u010f). Niektor\u00ed hr\u00e1\u010di, najm\u00e4 t\u00ed s dlh\u00fdmi rukami, maj\u00fa probl\u00e9m vyrovna\u0165 sa s t\u00fdmito strelami. <\/p>\n\n\n\n<p class=\"has-small-font-size\">Bu\u010fte opatrn\u00ed pri ploch\u00fdch sme\u010doch. Ak ich udriete pr\u00edli\u0161 tvrdo, p\u00f4jdu von zo zadnej \u010dasti ihriska!<\/p>\n\n\n\n<p class=\"has-large-font-size\">Drop shot uhly <\/p>\n\n\n\n<p class=\"has-small-font-size\">Vo v\u00e4\u010d\u0161ine oh\u013eadov sa drop shoty riadia rovnak\u00fdmi princ\u00edpmi ako sme\u010de. <\/p>\n\n\n\n<p class=\"has-medium-font-size\">Rovno, kr\u00ed\u017eom alebo do stredu? <\/p>\n\n\n\n<p class=\"has-small-font-size\">Rovnako ako pri sme\u010doch, va\u0161a predvolen\u00e1 vo\u013eba by mala by\u0165 priama. Ve\u013emi dobrou vo\u013ebou s\u00fa aj drop shots do stredu (medzi hr\u00e1\u010dov). <\/p>\n\n\n\n<p class=\"has-small-font-size\">Zvy\u010dajne by ste sa mali vyvarova\u0165 kr\u00ed\u017enemu drop shot , preto\u017ee d\u00e1vaj\u00fa obrancovi pr\u00edli\u0161 ve\u013ea \u010dasu, ako pri sme\u010doch, aj tu v\u00e1s vystavia smrtiacemu proti\u00fatoku: net kills, pushes a drives s\u00fa vra\u017eedn\u00e9. <\/p>\n\n\n\n<p class=\"has-medium-font-size\">Smerova\u0165 \u00fadery na obrancov je zbyto\u010dn\u00e9 <\/p>\n\n\n\n<p class=\"has-small-font-size\">Na rozdiel od sme\u010dov nie je \u017eiadna v\u00fdhoda v mieren\u00ed \u00faderov na s\u00faperov. Ke\u010f hr\u00e1te priamy \u00fader alebo kr\u00ed\u017eny, zamierte medzi bo\u010dn\u00e9 \u010diary: pre obrancov je to o nie\u010do \u010falej. <\/p>\n\n\n\n<p class=\"has-small-font-size\">(Ke\u010f hr\u00e1te drop shot do stredu, sna\u017ete sa ho umiestni\u0165 medzi protivn\u00edkov a sp\u00f4sobi\u0165 maxim\u00e1lny zm\u00e4tok.) <\/p>\n\n\n\n<p class=\"has-large-font-size\">\u00dato\u010dn\u00e9 uhly pre predn\u00e9ho hr\u00e1\u010da <\/p>\n\n\n\n<p class=\"has-medium-font-size\">Net shots <\/p>\n\n\n\n<p class=\"has-small-font-size\">Zvy\u010dajne je najlep\u0161ie hra\u0165 priamo alebo do stredu, preto\u017ee potom bude va\u0161a strana dobre pokryt\u00e1 pre nasleduj\u00face \u00fadery; pri kr\u00ed\u017enom net shot  sa v\u0161ak va\u0161e ihrisko mierne otvor\u00ed na priame proti\u00fatoky (net shots, pushes alebo dokonca plytk\u00e9 lifts). <\/p>\n\n\n\n<p class=\"has-small-font-size\">\u010eal\u0161\u00edm d\u00f4le\u017eit\u00fdm rozdielom medzi priamymi a kr\u00ed\u017enymi net shots je to, \u017ee priame net shots mo\u017eno hra\u0165 s rot\u00e1ciou. Kr\u00ed\u017ene \u00fadery cez ihrisko nikdy nem\u00f4\u017eu pou\u017eiva\u0165 rot\u00e1ciu. <\/p>\n\n\n\n<p class=\"has-small-font-size\">Napriek tomu s\u00fa strely cez ihrisko mimoriadne u\u017eito\u010dn\u00e9, ke\u010f sa pou\u017eij\u00fa v spr\u00e1vnom \u010dase. Ak sa pust\u00edte do s\u00faboja na sieti, potom v\u00e1m \u00fatok \u010dasto m\u00f4\u017ee zabezpe\u010di\u0165 \u00fader kr\u00ed\u017eom cez ihrisko zahran\u00ed mimo s\u00fapera. <\/p>\n\n\n\n<p class=\"has-medium-font-size\">Pushes<\/p>\n\n\n\n<p class=\"has-small-font-size\">Pushes sa zvy\u010dajne hraj\u00fa priamo po bo\u010dn\u00fdch  \u010diarach, preto\u017ee pushes cez ihrisko zvy\u010dajne prejd\u00fa cez oblas\u0165 \u00faderu s\u00fapera. <\/p>\n\n\n\n<p class=\"has-small-font-size\">Ak sa v\u0161ak s\u00faper pribli\u017euje k sieti z priameho obrann\u00e9ho postavenia a ak sa jeho partner u\u017e za\u010dal pres\u00fava\u0165 do zadnej \u00fato\u010dnej poz\u00edcie, potom m\u00f4\u017ee by\u0165 \u00faderom pretla\u010denie kr\u00ed\u017eom cez ihrisko (zahranie ko\u0161\u00edka do otvoren\u00e9ho priestoru priestoru). <\/p>\n\n\n\n<p class=\"has-small-font-size\">Napr\u00edklad: <\/p>\n\n\n\n<ol class=\"wp-block-list\">\n<li class=\"has-small-font-size\">V\u00e1\u0161 partner hr\u00e1 priamy sme\u010d. <\/li>\n\n\n\n<li class=\"has-small-font-size\">Obranca zahr\u00e1 priamy blok k sieti a za\u010dne sa pohybova\u0165, jeho partner sa za\u010dne pres\u00fava\u0165 za n\u00edm do zadnej \u00fato\u010dnej poz\u00edcie <\/li>\n\n\n\n<li class=\"has-small-font-size\">Hr\u00e1te push cez kurt do priestoru, ktor\u00fd pr\u00e1ve uvo\u013enil jeho partner. <\/li>\n<\/ol>\n\n\n\n<p class=\"has-small-font-size\">Pushes do stredu s\u00fa takmer zbyto\u010dn\u00e9 vo v\u0161etk\u00fdch situ\u00e1ci\u00e1ch. Pam\u00e4tajte si: pushes je prihr\u00e1vka. Ak ju zahr\u00e1te smerom do stredu, dopredu sa pohybuj\u00faci hr\u00e1\u010d ju \u013eahko zachyt\u00ed. <\/p>\n\n\n\n<p class=\"has-medium-font-size\">Net kills<\/p>\n\n\n\n<p class=\"has-small-font-size\">Ak je net kill strm\u00e9 a ostr\u00e9, naozaj nez\u00e1le\u017e\u00ed na tom, kde ste ho umiestnite\u2009 \u2013\u2009len sa uistite, \u017ee ste ho umiestnili na ihrisko! S\u00faperi nemaj\u00fa re\u00e1lnu \u0161ancu tento \u00fader vr\u00e1ti\u0165, bez oh\u013eadu na uhol. <\/p>\n\n\n\n<p class=\"has-small-font-size\">Nie v\u0161etky net kills s\u00fa v\u0161ak strm\u00e9. Ke\u010f je net kill trochu plochej\u0161ie, oplat\u00ed sa hra\u0165 rovno, preto\u017ee to d\u00e1va va\u0161im s\u00faperom menej \u010dasu (priama trasa je najkrat\u0161ia) a menej pr\u00edle\u017eitost\u00ed na vr\u00e1tenie. Net kill rovno tie\u017e znamen\u00e1, \u017ee m\u00e1te dobr\u00fa poz\u00edciu na pokrytie mo\u017enej sie\u0165ovej odpovede. <\/p>\n\n\n\n<p class=\"has-small-font-size\">Ke\u010f v\u0161ak hr\u00e1te net kill na absol\u00fatnom limite svojho dosahu, nebudete ma\u0165 in\u00fa mo\u017enos\u0165, ako to hra\u0165 kr\u00ed\u017eom cez kurt. <\/p>\n\n\n\n<p class=\"has-medium-font-size\">Drives<\/p>\n\n\n\n<p class=\"has-small-font-size\">Pripome\u0148me, \u017ee drives s\u00fa zvy\u010dajne naj\u00fa\u010dinnej\u0161ie, ke\u010f sa hr\u00e1 priamo na s\u00fapera. \u00da\u010dinnos\u0165 drives ako \u00fato\u010dn\u00e9ho \u00faderu z\u00e1vis\u00ed od toho, ak\u00fd tlak dok\u00e1\u017eete vyvin\u00fa\u0165 na jedn\u00e9ho s\u00fapera. <\/p>\n\n\n\n<p class=\"has-small-font-size\">Z tohto d\u00f4vodu m\u00e1 zvy\u010dajne zmysel nasmerova\u0165 drive na obrancu, ktor\u00fd pr\u00e1ve vr\u00e1til  sme\u010d. Funguje to preto, \u017ee mu ned\u00e1te takmer \u017eiadny \u010das na pr\u00edpravu po poslednom \u00fadere, m\u00f4\u017ee by\u0165 v nerovnov\u00e1he a jeho raketa sa pravdepodobne nevr\u00e1tila do dobrej obrannej poz\u00edcie. <\/p>\n\n\n\n<p class=\"has-small-font-size\">Ak je v\u00e1\u0161 \u00fato\u010dn\u00fd drive \u00faspe\u0161n\u00fd, obranca zvy\u010dajne vr\u00e1ti ko\u0161\u00edk sp\u00e4\u0165 va\u0161im smerom (so slab\u00fdm protipohybom). Z\u00e1kladnou my\u0161lienkou teraz je pokra\u010dova\u0165 v hre na tohto jedn\u00e9ho obrancu, ke\u010f bud\u00fa jeho reakcie slab\u0161ie, posuniete sa \u010falej. Pre obrancu je mimoriadne \u0165a\u017ek\u00e9 unikn\u00fa\u0165 z tohto cyklu, ke\u010f u\u017e za\u010dne. <\/p>\n\n\n\n<p class=\"has-small-font-size\">Nepresmerujte svoj \u00fatok na druh\u00e9ho obrancu bez ve\u013emi dobr\u00e9ho d\u00f4vodu. Zvy\u010dajne je efekt\u00edvnej\u0161ie udr\u017ea\u0165 tlak na jedn\u00e9ho hr\u00e1\u010da. <\/p>\n\n\n\n<p class=\"has-small-font-size\">Obzvl\u00e1\u0161\u0165 \u00fa\u010dinnou \u00fato\u010dnou kombin\u00e1ciou je priamy sme\u010d, po ktorom nasleduje s\u00e9ria priamych \u00fato\u010dn\u00fdch drives. Pou\u017eite tento \u00fatok, ke\u010f m\u00e1te \u0161ancu, preto\u017ee vyv\u00edja maxim\u00e1lny tlak proti jedn\u00e9mu obrancovi.<\/p>\n","protected":false},"excerpt":{"rendered":"<p>Vo\u013eba \u00fato\u010dn\u00fdch uhlov \u00faderu je jednou z naj\u010dastej\u0161ie nepochopen\u00fdch oblast\u00ed taktiky \u0161tvorhry. Vo v\u0161eobecnosti plat\u00ed, sme\u010de a drop shots by mali by\u0165 priame alebo do stredu (kr\u00ed\u017ene \u00fadery maj\u00fa tendenciu by\u0165 samovra\u017eedn\u00e9). Uhly sme\u010dovania Uhly sme\u010du m\u00f4\u017eu by\u0165 rovn\u00e9, do stredu alebo kr\u00ed\u017ene. Ke\u010f hr\u00e1te sme\u010d na ktor\u00fako\u013evek stranu (priamy alebo kr\u00ed\u017eny), m\u00e1te dodato\u010dn\u00fa mo\u017enos\u0165\u2026 <span class=\"read-more\"><a href=\"http:\/\/bedminton.eu\/?page_id=2893\">\u010c\u00edta\u0165 viac &raquo;<\/a><\/span><\/p>\n","protected":false},"author":1,"featured_media":0,"parent":2856,"menu_order":3,"comment_status":"closed","ping_status":"closed","template":"","meta":{"ngg_post_thumbnail":0,"footnotes":""},"class_list":["post-2893","page","type-page","status-publish","hentry"],"_links":{"self":[{"href":"http:\/\/bedminton.eu\/index.php?rest_route=\/wp\/v2\/pages\/2893","targetHints":{"allow":["GET"]}}],"collection":[{"href":"http:\/\/bedminton.eu\/index.php?rest_route=\/wp\/v2\/pages"}],"about":[{"href":"http:\/\/bedminton.eu\/index.php?rest_route=\/wp\/v2\/types\/page"}],"author":[{"embeddable":true,"href":"http:\/\/bedminton.eu\/index.php?rest_route=\/wp\/v2\/users\/1"}],"replies":[{"embeddable":true,"href":"http:\/\/bedminton.eu\/index.php?rest_route=%2Fwp%2Fv2%2Fcomments&post=2893"}],"version-history":[{"count":17,"href":"http:\/\/bedminton.eu\/index.php?rest_route=\/wp\/v2\/pages\/2893\/revisions"}],"predecessor-version":[{"id":2917,"href":"http:\/\/bedminton.eu\/index.php?rest_route=\/wp\/v2\/pages\/2893\/revisions\/2917"}],"up":[{"embeddable":true,"href":"http:\/\/bedminton.eu\/index.php?rest_route=\/wp\/v2\/pages\/2856"}],"wp:attachment":[{"href":"http:\/\/bedminton.eu\/index.php?rest_route=%2Fwp%2Fv2%2Fmedia&parent=2893"}],"curies":[{"name":"wp","href":"https:\/\/api.w.org\/{rel}","templated":true}]}}